31
What are the prime factors of 4419431693?
509, 8682577
What are the prime factors of 39977996?
2, 9994499
What are the prime factors of 148516314?
2, 3, 3911, 6329
List the prime factors of 151061021.
43, 3513047
List the prime factors of 53478218.
2, 103, 259603
What are the prime factors of 2272151218?
2, 17, 29, 43, 53591
What are the prime factors of 428615308?
2, 11, 263, 37039
List the prime factors of 60481894.
2, 11, 113, 24329
What are the prime factors of 618813647?
229, 2702243
What are the prime factors of 124777272?
2, 3, 349, 14897
List the prime factors of 672249882.
2, 3, 113, 617, 1607
List the prime factors of 234831505.
5, 47, 59, 16937
What are the prime factors of 38221695?
3, 5, 17, 2939
List the prime factors of 3910380155.
5, 11, 29, 661, 3709
What are the prime factors of 4050682?
2, 2025341
List the prime factors of 333780180.
2, 3, 5, 41, 241, 563
What are the prime factors of 8423220?
2, 3, 5, 13, 10799
List the prime factors of 490124265.
3, 5, 32674951
List the prime factors of 1591483496.
2, 198935437
List the prime factors of 583337924.
2, 13, 19, 127, 4649
List the prime factors of 44446186.
2, 61, 364313
List the prime factors of 1683194231.
71, 2719, 8719
List the prime factors of 554776660.
2, 5, 347, 79939
List the prime factors of 3366155522.
2, 31, 277, 196003
What are the prime factors of 1040522015?
5, 13, 1231387
What are the prime factors of 663866486?
2, 89, 3729587
What are the prime factors of 978503537?
11, 88954867
List the prime factors of 1582648032.
2, 3, 7, 23, 102397
What are the prime factors of 336189429?
3, 613, 60937
What are the prime factors of 314299317?
3, 41, 89, 28711
List the prime factors of 202087868.
2, 71, 711577
What are the prime factors of 131792504?
2, 16474063
What are the prime factors of 271128528?
2, 3, 11, 171167
What are the prime factors of 167556735?
3, 5, 1241161
List the prime factors of 68974733.
89, 774997
What are the prime factors of 1030501109?
11, 29, 3230411
What are the prime factors of 6252725068?
2, 569, 2747243
What are the prime factors of 444073578?
2, 3, 13, 29, 47, 4177
List the prime factors of 3101108359.
29, 6361, 16811
What are the prime factors of 83220852?
2, 3, 11, 13, 48497
What are the prime factors of 75866838?
2, 3, 12644473
What are the prime factors of 124709657?
23, 29, 59, 3169
What are the prime factors of 154902052?
2, 383, 101111
What are the prime factors of 1231171158?
2, 3, 7, 19, 220403
List the prime factors of 172952421.
3, 19, 3034253
What are the prime factors of 64763088?
2, 3, 13, 103787
List the prime factors of 2359893573.
3, 17, 911, 16931
What are the prime factors of 2501023792?
2, 43, 3635209
List the prime factors of 15286709.
15286709
List the prime factors of 152276141.
401, 433, 877
What are the prime factors of 48525693?
3, 613, 26387
What are the prime factors of 4199194328?
2, 7, 7537, 9949
What are the prime factors of 137209806?
2, 3, 7622767
List the prime factors of 2478185110.
2, 5, 247818511
List the prime factors of 518098125.
3, 5, 276319
What are the prime factors of 58764241?
23, 47, 54361
What are the prime factors of 4381110?
2, 3, 5, 48679
List the prime factors of 9355170.
2, 3, 5, 11, 28349
List the prime factors of 2616937291.
109, 24008599
What are the prime factors of 25197619?
1931, 13049
List the prime factors of 123911008.
2, 13, 19, 61, 257
List the prime factors of 474134049.
3, 431, 122231
What are the prime factors of 60180699?
3, 79, 271, 937
List the prime factors of 75612900.
2, 3, 5, 11, 2083
What are the prime factors of 19147310?
2, 5, 7, 13, 53, 397
List the prime factors of 4572260057.
137, 1087, 30703
What are the prime factors of 4371503933?
59, 5659, 13093
List the prime factors of 498418961.
31, 59, 73, 3733
List the prime factors of 28166016.
2, 3, 41, 1789
List the prime factors of 4468170701.
19, 235166879
What are the prime factors of 7045791502?
2, 17257, 204143
List the prime factors of 3351785470.
2, 5, 11, 30470777
What are the prime factors of 178169140?
2, 5, 8908457
List the prime factors of 1883804323.
17, 110812019
List the prime factors of 69855895.
5, 331, 42209
What are the prime factors of 7790291?
67, 116273
What are the prime factors of 128355056?
2, 97, 191, 433
List the prime factors of 344038001.
17417, 19753
List the prime factors of 229887309.
3, 76629103
What are the prime factors of 633744823?
283, 773, 2897
List the prime factors of 202727580.
2, 3, 5, 11, 307163
What are the prime factors of 1534267038?
2, 3, 255711173
What are the prime factors of 60116441?
7, 11, 780733
List the prime factors of 1316087741.
41, 32099701
List the prime factors of 131653518.
2, 3, 23, 954011
List the prime factors of 167578551.
3, 7, 295553
List the prime factors of 75463035.
3, 5, 331, 15199
What are the prime factors of 33730304?
2, 131759
List the prime factors of 4790520320.
2, 5, 61, 30677
List the prime factors of 311966191.
719, 433889
What are the prime factors of 548058748?
2, 5483, 24989
List the prime factors of 100385711.
100385711
What are the prime factors of 1623751843?
7, 103, 199, 11317
What are the prime factors of 4230106888?
2, 7, 163, 239, 277
List the prime factors of 798551409.
3, 43, 1669, 3709
List the prime factors of 321848250.
2, 3, 5, 17, 25243
What are the prime factors of 149034598?
2, 1901, 39199
What are the prime factors of 489906919?
31, 83, 190403
List the prime factors of 5818216.
2, 17, 179, 239
What are the prime factors of 748660608?
2, 3, 649879
What are the prime factors of 5158889163?
3, 1489, 128321
What are the prime factors of 3766026985?
5, 7, 107600771
List the prime factors of 143275848.
2, 3, 5969827
List the prime factors of 1014785374.
2, 507392687
What are the prime factors of 384128750?
2, 5, 23, 31, 431
List the prime factors of 2860730631.
3, 11, 359, 80491
What are the prime factors of 3865287446?
2, 29, 173, 227, 1697
List the prime factors of 24263910.
2, 3, 5, 11, 24509
List the prime factors of 72739935.
3, 5, 1616443
List the prime factors of 97635856.
2, 2411, 2531
What are the prime factors of 1603875?
3, 5, 7, 13, 47
List the prime factors of 66248885.
5, 283, 46819
What are the prime factors of 84968482?
2, 17, 41, 60953
List the prime factors of 501409074.
2, 3, 83568179
What are the prime factors of 4360989088?
2, 136280909
What are the prime factors of 6729743779?
11, 19, 31, 37, 67, 419
List the prime factors of 18290433.
3, 7, 257, 3389
List the prime factors of 153652126.
2, 19, 941, 4297
What are the prime factors of 76180582?
2, 61, 241, 2591
List the prime factors of 21735156.
2, 3, 1223, 1481
List the prime factors of 2211963560.
2, 5, 55299089
List the prime factors of 5153834722.
2, 9677, 266293
List the prime factors of 4515358914.
2, 3, 11, 22804843
List the prime factors of 38644220.
2, 5, 1289, 1499
What are the prime factors of 308525308?
2, 7, 13, 241, 3517
What are the prime factors of 1582774998?
2, 3, 7, 31, 1215649
What are the prime factors of 2061378460?
2, 5, 2083, 49481
What are the prime factors of 5899330916?
2, 29, 50856301
What are the prime factors of 111879104?
2, 59, 29629
List the prime factors of 122379628.
2, 7, 89, 49109
List the prime factors of 1191020931.
3, 41, 593, 5443
What are the prime factors of 2645106270?
2, 3, 5, 109, 179, 4519
What are the prime factors of 57489640?
2, 5, 13, 110557
What are the prime factors of 16553246?
2, 1483, 5581
What are the prime factors of 117248655?
3, 5, 281, 27817
What are the prime factors of 44088674?
2, 7, 43, 73237
List the prime factors of 487091657.
13, 19, 1972031
What are the prime factors of 290669212?
2, 72667303
List the prime factors of 220940055.
3, 5, 7, 77933
List the prime factors of 69415006.
2, 503, 69001
What are the prime factors of 912669647?
23, 223, 177943
What are the prime factors of 120434257?
47, 2562431
List the prime factors of 259667259.
3, 86555753
What are the prime factors of 110910184?
2, 7, 11, 401, 449
List the prime factors of 217188267.
3, 1699, 42611
What are the prime factors of 605147309?
13, 46549793
What are the prime factors of 810369241?
11, 73669931
What are the prime factors of 919304001?
3, 7, 11, 211, 6287
What are the prime factors of 75403453?
23, 367, 8933
Lis